 - 2. Let u be i(-2). Calculate the greatest common factor of u and 28.
28
Let w be 12/16 - 2/(-8). Let x be 5*w*(-6)/(-5). Let n(v) = 3*v - 3. Let r be n(x). Calculate the greatest common factor of r and 120.
15
Let w(r) = -3*r**2 + 1 + 23*r**3 + r + 4 + 1. Let g(l) = l**3 + 1. Let a(b) = -6*g(b) + w(b). Let z be a(2). What is the highest common divisor of z and 14?
14
Let s = 160 + -159. What is the greatest common divisor of 9 and s?
1
Let c be (-5 - 36/(-8))*(-34 - 2). Suppose -5*p = 0, -8*f + 4*f = 5*p - 288. Calculate the greatest common factor of c and f.
18
Let g be 2/9 - 61/(-9). What is the highest common divisor of g and 56?
7
Suppose 0 = 2*y - 4, -y = b + 3*y - 11. Let v(i) = 3*i + i**2 + 4*i - i - b*i - 10*i**3 + 3. Let x be v(-2). What is the highest common factor of 9 and x?
9
Suppose -2*b = -3*x - 20, -16 = -2*b - x + 3*x. Let m(y) = -y**3 + 4*y**2 + 5*y - 5. Let r be m(b). Calculate the greatest common factor of 3 and r.
3
Suppose 2*t + 4*c + 6 + 12 = 0, -2*t + 2*c = -12. Let z be -2 + 19 - (3 - t). Let y be 605/10 + 3/(-6). What is the highest common divisor of y and z?
15
Suppose -2*k + 643 = 5*i + k, -2*k = -2. Suppose 5*z + 4*o = 60, -z + o + 21 = -0*z. What is the greatest common divisor of i and z?
16
Suppose 11*f - 546 = 5*f. Calculate the greatest common factor of 26 and f.
13
Let q = -135 + 225. What is the greatest common divisor of q and 10?
10
Let l(a) = 4*a**2 - 5*a - 6. Let n be l(-4). What is the greatest common factor of n and 13?
13
Suppose -2*m = 4*s - 40, 3*m - 4*m + 5*s + 34 = 0. What is the greatest common factor of 6 and m?
6
Let b be (-771)/(-12) + (44/16)/(-11). Calculate the greatest common factor of 8 and b.
8
Suppose -4*y = -34 - 22. Calculate the greatest common divisor of y and 154.
14
Let p(y) = y**2 - 5*y + 2. Let q be p(-2). Let g = 18 + -10. Let v be g/(1/(0 + 1)). What is the highest common factor of v and q?
8
Let q be 13 - 2/(-2 + 4). Let h be (2 - (1 - -2))*-6. Suppose -p - f + h = -16, -5*p + 70 = -5*f. Calculate the highest common divisor of p and q.
6
Let h be (2 + -2 - 1)*6. Let x = h - -81. Calculate the greatest common factor of 30 and x.
15
Let t(k) = -5*k - 5. Let c be t(-6). Let h = -7 + c. Let f(s) = 14*s - 2. Let z be f(4). Calculate the highest common factor of h and z.
18
Suppose y = -y + 4. Let h be y*((-10)/(-4))/1. Suppose -2*q - 9 = -c - 0*q, -3*c + h*q = -26. What is the highest common factor of 35 and c?
7
Let p = -5 - -19. Calculate the highest common divisor of p and 7.
7
Let p be -3 + 48/15 - (-24)/5. Calculate the highest common factor of p and 2.
1
Let p(s) = -s**3 - 4*s**2 + s - 1. Let a be p(-2). Let b = -2 - a. What is the greatest common divisor of b and 1?
1
Let x be (-24)/9*6/(-8). Let q be 2*16 + x + 2. What is the highest common factor of 12 and q?
12
Suppose -7 = -4*m + 5. Suppose 6*o = -2*t + m*o + 8, -5*o = 4*t - 14. Calculate the greatest common divisor of 8 and t.
1
Let f(t) = -6*t + 3. Let p be f(-8). Let y = 71 - p. Let g be (-8)/y - (-12)/5. What is the greatest common divisor of 16 and g?
2
Let q be (4 - 1)/((55/90)/11). What is the highest common divisor of q and 36?
18
Suppose 2*m - 7 = m + 5*l, 3*m + 2*l - 72 = 0. Calculate the greatest common divisor of 55 and m.
11
Let o(s) = -s**2 - 23*s + 2. Let u be o(-10). What is the highest common factor of u and 33?
33
Suppose 8*x = 21 + 115. Calculate the greatest common factor of x and 17.
17
Let g = 179 - 75. Let u be 4/6 + (-74)/(-6). What is the highest common divisor of u and g?
13
Suppose l - 2*u + 0 = 16, -2*u - 88 = -5*l. Let q = 136 + -82. Calculate the highest common factor of q and l.
18
Let a(z) = z + 10. Let r be a(0). Calculate the greatest common factor of r and 110.
10
Let w(q) = -q**3 - 30. Let h be w(0). Let m be 1424/120 - 4/h. What is the highest common factor of m and 48?
12
Suppose -4*i - 5*j + 1 = -11, 4*i - 4*j = 12. Suppose 0 = -0*g + i*g - 30. Suppose -3*n + 0*n + 120 = 0. Calculate the highest common factor of n and g.
10
Suppose 5 = 3*h + 2. Let i be 2 - (h + (-3 - -2)). Suppose 4 = -v + i*v. Calculate the highest common divisor of v and 4.
4
Suppose -4*r + l = -0*l, 2*l - 8 = 0. Let z be 1 - r*3/3. Suppose z*c = 3*c - 3. Calculate the highest common factor of 4 and c.
1
Let f be 17 + (-5)/1 - 6. What is the greatest common factor of f and 6?
6
Suppose 5*r - 18 = 27. What is the highest common divisor of r and 171?
9
Let v = -6 - -6. Let u be (2 - 1) + (9 - v). Suppose n + 1 = -a, 2*n = 3*a - 12 - u. Calculate the highest common factor of a and 2.
2
Let z = -1 + 12. Calculate the highest common divisor of 121 and z.
11
Let b be -1 + -2 + 64 + 1. Suppose -233 = -4*y - 5*l, y - 2*l = -4*l + b. What is the highest common divisor of 13 and y?
13
Suppose 2*h = -2*m + 52, -4*m + 2*h = -47 - 51. Suppose -u - 40 = -5*u. Suppose -4*x + 6*x = u. Calculate the highest common factor of m and x.
5
Let y be (0/(-1) - -7) + -3. Suppose -5*g - z + 5*z = -800, 2*g + y*z = 320. Let f = -97 + g. Calculate the greatest common factor of 9 and f.
9
Let y be (-1 - -2)*12/6. Suppose -2*w = b - 19, -y*b = -b + 4*w - 27. What is the greatest common divisor of b and 55?
11
Suppose 2*b = p - 64, -2*p + 225 = p + 5*b. Let u be 1/(-4 + 190/48). Let c = -10 - u. Calculate the greatest common divisor of c and p.
14
Suppose 4*b = -4*t + 28, -4*t - 3*b - 17 = -8*b. Suppose 4*g = z + 61, -t*g + 5*z = -4*g + 25. What is the highest common divisor of g and 10?
5
Let w = 385 - 185. Calculate the greatest common divisor of 20 and w.
20
Let o = -5 - -6. Let c(q) = 32*q + 1. Let v be c(o). What is the greatest common factor of v and 11?
11
Let n = -12 - -24. Calculate the highest common divisor of 4 and n.
4
Suppose p + 3*s - 132 = 0, -p - 4*s + 8*s + 139 = 0. What is the highest common divisor of p and 27?
27
Let g(k) = -2*k - 2*k - 2*k + 3*k - 4 + k**2. Suppose 3*q - 4*a + 45 = 8*q, 0 = 3*a - 15. Let n be g(q). What is the greatest common factor of n and 2?
2
Let n = 8 + 4. Suppose -3*w - 70 = 2*w. Let m = w - -38. What is the greatest common factor of m and n?
12
Suppose w - t + 14 - 93 = 0, 4*t - 223 = -3*w. Calculate the highest common factor of w and 7.
7
Let z be (15/9)/(2/6). Suppose z*f = -15 + 90. What is the greatest common divisor of f and 60?
15
Let v be (-8)/10 - (-2096)/20. Calculate the greatest common divisor of v and 13.
13
Let q = 41 + -30. Let j = -46 - -79. What is the highest common divisor of q and j?
11
Let r = 664 - 1234. Let w = -321 - r. Suppose 5*a - w = 71. Calculate the highest common divisor of 8 and a.
8
Let c be 74/10 + 2/(-5). Let i be (-13 - c)/(2/(-3)). What is the highest common factor of i and 10?
10
Let f(t) be the second derivative of -t**5/10 - t**4/12 - t**2 + 2*t. Let q be f(-2). What is the highest common divisor of q and 80?
10
Let o = 3 - 1. Let q be (-1 + o)/1 + 107. What is the highest common divisor of 12 and q?
12
Suppose 0 = 3*p + 12 - 39. Suppose -5*n + 54 = p. What is the highest common factor of 9 and n?
9
Let g(f) = 4*f + 4. Let t be g(4). Suppose 0 = -4*s - y - y + 38, 3*s = 3*y + 33. What is the highest common factor of s and t?
10
Let j be 20/(-25)*(-23 - -3). Calculate the highest common factor of j and 2.
2
Let b be ((-2)/4)/(2/220). Let z = -33 - b. What is the greatest common factor of z and 2?
2
Let x be (-100)/5*(1 + -2). Calculate the greatest common factor of x and 140.
20
Let g be (-5)/(-10) + (-39)/(-6). What is the greatest common factor of g and 28?
7
Suppose 3*m + 4 = 10. Let h = m - -8. Calculate the highest common factor of 90 and h.
10
Let w(g) = 5*g - 1. Let i be w(2). Suppose 0 = 5*z - u - i, -2*z = -3*z - 2*u + 4. Let d be (2 - (4 - z)) + 13. What is the highest common factor of d and 91?
13
Let k(w) = -w**3 + 12*w**2 + 2*w - 10. Let d be k(12). Calculate the highest common factor of d and 98.
14
Let x(a) = a**3 - a**2 - 66. Let g(f) = 2*f**3 - 2*f**2 - 132. Let p(s) = -3*g(s) + 5*x(s). Let r be p(0). What is the greatest common factor of 6 and r?
6
Suppose -3*i = -3*y - 90, -39 = 2*i - 3*i - 2*y. Calculate the greatest common factor of i and 44.
11
Let z = 71 + -65. What is the greatest common factor of z and 4?
2
Suppose 3*w + 2 = 2*w - i, 0 = 3*w + i. Let z(b) = b + 1 + b**2 + 1 - 7. Let c be z(-4). What is the highest common factor 